156
Calculate the greatest common factor of 204 and 29346981.
51
What is the highest common divisor of 852645 and 15?
15
Calculate the greatest common divisor of 303178 and 25160.
1258
What is the highest common factor of 16772 and 67844?
28
What is the greatest common divisor of 14097 and 217079?
37
What is the highest common factor of 141250 and 42488?
226
Calculate the highest common divisor of 121485139 and 9326.
4663
Calculate the highest common divisor of 30 and 4556705.
5
What is the highest common divisor of 123405 and 254604?
1299
Calculate the greatest common factor of 13209 and 13819351.
119
Calculate the highest common divisor of 238955120 and 10.
10
Calculate the highest common divisor of 2013 and 767580.
33
What is the highest common divisor of 2714 and 372945667?
1357
Calculate the greatest common divisor of 6403710 and 30.
30
Calculate the highest common factor of 5427 and 57620268.
1809
What is the greatest common divisor of 2563361 and 118244?
4223
Calculate the greatest common factor of 154148 and 9777140.
1732
What is the highest common divisor of 372 and 80631558?
186
Calculate the greatest common factor of 345696 and 23322.
78
Calculate the greatest common divisor of 255136 and 393491.
469
Calculate the greatest common divisor of 454 and 23980053.
227
Calculate the highest common factor of 5619018 and 66969.
3189
What is the highest common factor of 78937 and 214037?
193
Calculate the greatest common factor of 1690755 and 24585.
165
What is the highest common factor of 17742303 and 4248?
531
What is the greatest common divisor of 412098870 and 1095?
1095
Calculate the highest common divisor of 34168551 and 24.
3
What is the highest common factor of 409795 and 164?
41
What is the greatest common factor of 100 and 26979325?
25
Calculate the highest common divisor of 1976 and 593606.
26
Calculate the highest common divisor of 69263834 and 1828.
914
Calculate the highest common factor of 128 and 1409696.
32
What is the highest common factor of 227350 and 18080?
10
Calculate the greatest common divisor of 62 and 22470009.
31
What is the highest common divisor of 97695 and 14690?
65
What is the highest common divisor of 115276 and 1981588?
644
What is the greatest common divisor of 14351 and 16724?
113
Calculate the greatest common factor of 15503 and 2477668.
37
What is the highest common factor of 5550606 and 658?
94
Calculate the highest common divisor of 7 and 165272597.
7
What is the highest common divisor of 140 and 322014580?
20
What is the highest common divisor of 49364160 and 30?
30
What is the highest common divisor of 41322 and 3361140?
426
Calculate the highest common divisor of 5560 and 10390528.
1112
Calculate the greatest common factor of 2629 and 786788.
239
Calculate the greatest common factor of 1052 and 610467710.
526
Calculate the greatest common divisor of 340 and 518128125.
85
Calculate the highest common factor of 12708493 and 195841.
5293
Calculate the highest common divisor of 84 and 365339100.
84
What is the greatest common divisor of 544 and 38584543?
17
What is the greatest common factor of 2523 and 3030906?
87
What is the highest common factor of 8096 and 555656?
8
Calculate the highest common divisor of 62 and 241878058.
62
What is the highest common factor of 49234834 and 52525?
2101
What is the greatest common divisor of 2475 and 67250?
25
Calculate the highest common factor of 238867828 and 15112.
7556
What is the highest common divisor of 4500 and 467260?
20
What is the greatest common divisor of 1302457746 and 1434?
1434
Calculate the highest common divisor of 322482 and 66.
6
Calculate the greatest common factor of 42038 and 23.
1
What is the greatest common divisor of 1527537933 and 2997?
2997
What is the highest common factor of 30 and 20932190?
10
Calculate the greatest common divisor of 3072437 and 47.
47
What is the highest common divisor of 136 and 27413316?
68
Calculate the greatest common factor of 3617415 and 345.
15
What is the highest common divisor of 789 and 353019?
3
Calculate the greatest common factor of 3867600 and 240.
240
Calculate the greatest common divisor of 2502 and 80656974.
2502
Calculate the greatest common factor of 2712000 and 2303392.
3616
Calculate the highest common factor of 2977894 and 90422.
58
Calculate the highest common divisor of 79 and 4066999.
79
Calculate the highest common factor of 101868911 and 7087.
373
Calculate the highest common divisor of 51322 and 81070.
134
Calculate the greatest common factor of 87 and 727071.
3
Calculate the greatest common factor of 297846232 and 298.
298
Calculate the greatest common factor of 1657216 and 6413.
121
What is the highest common factor of 9730 and 8674540?
70
Calculate the highest common divisor of 223882 and 667.
23
What is the highest common factor of 342900 and 28450?
50
Calculate the greatest common divisor of 661416 and 44196.
1524
What is the highest common divisor of 13550 and 1897?
271
What is the greatest common factor of 7750 and 4417250?
250
What is the highest common factor of 12544998 and 148?
74
What is the greatest common divisor of 4 and 5456884?
4
Calculate the highest common divisor of 6048 and 1559712.
672
What is the greatest common divisor of 51799557 and 537?
537
What is the highest common divisor of 101541 and 3344682?
561
Calculate the highest common divisor of 3988126 and 28784.
514
Calculate the highest common divisor of 329 and 480716.
47
Calculate the highest common factor of 39 and 150534683.
13
Calculate the highest common factor of 802554 and 26064.
1086
Calculate the greatest common factor of 736 and 12042892.
92
Calculate the highest common divisor of 789583 and 3106744.
1433
What is the greatest common factor of 57680 and 705344?
1648
What is the highest common divisor of 62195614 and 26?
26
Calculate the highest common factor of 122060556 and 72.
36
What is the greatest common divisor of 391584075 and 3?
3
Calculate the greatest common divisor of 4529592 and 8016.
24
Calculate the highest common divisor of 713259135 and 30.
15
What is the highest common factor of 209 and 2881027?
19
What is the highest common factor of 11593342 and 1194?
398
What is the highest common factor of 265058325 and 13279?
1897
What is the highest common divisor of 8349 and 798?
3
What is the greatest common divisor of 3689408 and 1700?
68
Calculate the greatest common factor of 815 and 4220.
5
Calculate the greatest common factor of 2442219 and 208377.
507
What is the highest common divisor of 7932582 and 792?
18
What is the greatest common divisor of 2560 and 34874368?
512
Calculate the highest common divisor of 11154 and 284200202.
3718
What is the greatest common factor of 2013 and 4657411?
671
What is the highest common divisor of 7508 and 23978675?
1877
What is the greatest common factor of 83486545 and 5?
5
Calculate the highest common factor of 1394 and 1331304.
34
Calculate the highest common divisor of 1 and 8647157.
1
Calculate the greatest common factor of 2772652 and 13736.
404
What is the greatest common divisor of 16401779 and 10348?
199
Calculate the greatest common divisor of 490 and 33382895.
35
Calculate the greatest common factor of 52123 and 72991.
47
Calculate the greatest common factor of 19227 and 43770831.
1131
What is the highest common divisor of 27263 and 829?
1
Calculate the greatest common factor of 318515468 and 2204.
2204
Calculate the highest common divisor of 1232922782 and 371.
371
Calculate the highest common divisor of 10 and 872694930.
10
What is the highest common factor of 4638 and 678450?
6
Calculate the highest common factor of 96966 and 2340.
18
Calculate the greatest common divisor of 1827 and 283374.
63
Calculate the highest common factor of 6941563 and 19165.
3833
What is the greatest common factor of 18690042 and 42?
42
Calculate the highest common factor of 3701428 and 380.
76
What is the highest common divisor of 398621004 and 69?
69
What is the highest common factor of 35321428 and 32?
4
Calculate the greatest common factor of 294819955 and 235.
235
Calculate the highest common divisor of 3484 and 6462284.
268
What is the highest common divisor of 845 and 536237?
169
What is the highest common factor of 23096918 and 488?
122
What is the highes